381 a prime number?
False
Is 9533 a composite number?
False
Is 569369 composite?
False
Is 136937 a prime number?
False
Is 451 a composite number?
True
Is 827477 composite?
True
Is 16411 a prime number?
True
Is 218113 a prime number?
False
Is 2299067 a composite number?
True
Is 108727 a composite number?
False
Is 20323 a composite number?
False
Is 181163 prime?
False
Is 52879 composite?
False
Is 223521 a prime number?
False
Is 22109 a prime number?
True
Is 9305 composite?
True
Is 73121 a prime number?
True
Is 1988579 composite?
False
Is 62981 a prime number?
True
Is 14881 a composite number?
True
Is 238457 a composite number?
True
Is 5771 composite?
True
Is 48073 a composite number?
False
Is 11437 a composite number?
False
Is 1947189 a prime number?
False
Is 260911 prime?
False
Is 26 a composite number?
True
Is 15901 a prime number?
True
Is 83365 prime?
False
Is 1423 prime?
True
Is 27065 a prime number?
False
Is 1343305 a prime number?
False
Is 767569 a prime number?
False
Is 451 prime?
False
Is 27139 a composite number?
True
Is 64301 a composite number?
False
Is 882359 a prime number?
True
Is 111 prime?
False
Is 220091 composite?
True
Is 129491 composite?
False
Is 2912197 a prime number?
True
Is 147647 composite?
False
Is 37381 composite?
True
Is 112121 a prime number?
True
Is 32479 a composite number?
False
Is 5363 a composite number?
True
Is 26087 composite?
True
Is 20317 prime?
False
Is 196111 a prime number?
True
Is 33457 a composite number?
False
Is 7729 composite?
True
Is 2065523 a prime number?
True
Is 255593 prime?
False
Is 22339 composite?
True
Is 551 composite?
True
Is 128182 a composite number?
True
Is 101681 a composite number?
False
Is 1452299 a composite number?
False
Is 2681 a composite number?
True
Is 250397 a prime number?
False
Is 11185 composite?
True
Is 4253 composite?
False
Is 22063 a prime number?
True
Is 23429 a composite number?
True
Is 4282 a prime number?
False
Is 48973 composite?
False
Is 7573 prime?
True
Is 1543577 prime?
False
Is 12767 prime?
False
Is 3953 prime?
False
Is 1025555 a prime number?
False
Is 63347 a prime number?
True
Is 746807 a composite number?
False
Is 5639 a prime number?
True
Is 5659405 composite?
True
Is 110613 a composite number?
True
Is 12759 composite?
True
Is 1423 a composite number?
False
Is 35363 a prime number?
True
Is 2539871 prime?
True
Is 2111545 a prime number?
False
Is 7771 prime?
False
Is 139577 prime?
False
Is 195623 prime?
False
Is 390009 prime?
False
Is 11555 a composite number?
True
Is 7067 composite?
True
Is 192449 composite?
True
Is 18895 a prime number?
False
Is 1731 composite?
True
Is 96401 prime?
True
Is 1257 a prime number?
False
Is 162649 a composite number?
False
Is 167303 prime?
False
Is 23719 composite?
False
Is 394417 prime?
False
Is 10743 a prime number?
False
Is 175397 a prime number?
False
Is 3455 a composite number?
True
Is 57073 a prime number?
True
Is 27149 composite?
True
Is 23151 prime?
False
Is 305 composite?
True
Is 4162 composite?
True
Is 5383 a composite number?
True
Is 5773 a prime number?
False
Is 27593 a prime number?
False
Is 15527 a composite number?
False
Is 353621 a composite number?
False
Is 12387 composite?
True
Is 957769 a prime number?
True
Is 3935 a composite number?
True
Is 69567 prime?
False
Is 50753 a prime number?
True
Is 153817 prime?
True
Is 168977 a composite number?
False
Is 16811 a composite number?
False
Is 21727 composite?
False
Is 224047 a composite number?
False
Is 514907 composite?
True
Is 15013 a prime number?
True
Is 39439 composite?
False
Is 39079 a prime number?
True
Is 105667 prime?
True
Is 1669 prime?
True
Is 334227 a composite number?
True
Is 73889 composite?
True
Is 1679 a prime number?
False
Is 1288307 a composite number?
False
Is 3317 a composite number?
True
Is 112043 a composite number?
True
Is 82123 a composite number?
True
Is 143443 prime?
True
Is 14047 a composite number?
True
Is 959 a prime number?
False
Is 310399 a composite number?
True
Is 93811 composite?
False
Is 52619 a composite number?
True
Is 6113 a composite number?
False
Is 9511 prime?
True
Is 8639 a composite number?
True
Is 16183 a composite number?
False
Is 11851 a prime number?
False
Is 774217 prime?
True
Is 22013 a prime number?
True
Is 124427 a prime number?
True
Is 23915 prime?
False
Is 10214 prime?
False
Is 435895 composite?
True
Is 2576249 composite?
True
Is 282221 a prime number?
True
Is 643735 a prime number?
False
Is 128561 composite?
True
Is 60007 a prime number?
False
Is 7177 composite?
False
Is 2819 a prime number?
True
Is 53297 composite?
True
Is 4667 composite?
True
Is 2999 prime?
True
Is 457 composite?
False
Is 84649 a prime number?
True
Is 196379 a composite number?
False
Is 11545 prime?
False
Is 46714 a prime number?
False
Is 143578 a composite number?
True
Is 222107 a prime number?
True
Is 1756309 a composite number?
False
Is 21719 prime?
False
Is 164435 a prime number?
False
Is 1649 a prime number?
False
Is 3247847 prime?
True
Is 19009 prime?
True
Is 4001 a prime number?
True
Is 4487 composite?
True
Is 70043 a prime number?
False
Is 3163 prime?
True
Is 344723 composite?
True
Is 164231 a composite number?
False
Is 29683 composite?
False
Is 667 composite?
True
Is 288647 a prime number?
True
Is 59021 a prime number?
True
Is 16183 a prime number?
True
Is 119785 prime?
False
Is 939707 a composite number?
False
Is 3079 a prime number?
True
Is 1793 composite?
True
Is 784591 prime?
False
Is 32327 prime?
True
Is 16574 a prime number?
False
Is 6619 prime?
True
Is 18623 prime?
False
Is 882007 a prime number?
False
Is 4621 a composite number?
False
Is 17162 a composite number?
True
Is 298009 prime?
False
Is 699149 a prime number?
False
Is 21963 prime?
False
Is 101443 composite?
True
Is 762889 prime?
False
Is 2094661 composite?
True
Is 16973 a composite number?
True
Is 9197 a prime number?
False
Is 37577 a prime number?
False
Is 2333 a composite number?
False
Is 59347 a composite number?
True
Is 38993 prime?
True
Is 129629 a composite number?
False
Is 18301 prime?
True
Is 533297 prime?
True
Is 640999 prime?
False
Is 9533 prime?
True
Is 25219 prime?
True
Is 4987 composite?
False
Is 419 a composite number?
False
Is 3053 a prime number?
False
Is 10589 a prime number?
True
Is 520913 prime?
True
Is 154211 composite?
False
Is 174349 composite?
True
Is 245221 composite?
True
Is 2901 a composite number?
True
Is 94814 a prime number?
False
Is 6499 composite?
True
Is 22201 a composite number?
True
Is 34051 a composite number?
True
Is 24629 prime?
False
Is 131009 a composite number?
False
Is 75629 a composite number?
False
Is 212141 composite?
False
Is 1205 a prime number?
False
Is 485819 composite?
False
Is 120189 a composite number?
True
Is 533909 prime?
True
Is 213449 a prime number?
True
Is 7019 composite?
False
Is 46571 composite?
True
Is 18263 prime?
False
Is 413606 a prime number?
False
Is 12817 a composite number?
True
Is 2269 composite?
False
Is 20302 a composite number?
True
Is 437119 composite?
True
Is 1541497 a composite number?
False
Is 3593 a prime number?
True
Is 23417 prime?
True
Is 10937 a composite number?
False
Is 152129 a prime number?
False
Is 29303 a composite number?
False
Is 1438337 a composite number?
True
Is 27631 composite?
False
Is 977 a prime number?
True
Is 82583 composite?
True
Is 2986 composite?
True
Is 55747 a composite number?
True
Is 6801 composite?
True
Is 2654627 a prime number?
False
Is 859 a prime number?
True
Is 34913 prime?
True
Is 2939 a composite number?
False
Is 58601 a composite number?
False
Is 2752783 prime?
False
Is 235439 composite?
False
Is 16331 composite?
True
Is 799853 a composite number?
False
Is 11777 a composite number?
False
Is 34061 a prime number?
True
Is 60859 composite?
False
Is 70838 a prime number?
False
Is 54097 prime?
False
Is 182071 composite?
True
Is 72251 a prime number?
True
Is 796273 composite?
True
Is 5981 a composite number?
False
Is 2101 prime?
False
Is 53423 prime?
False
Is 236066 a composite number?
True
Is 14507 a prime number?
False
Is 1002565 composite?
True
Is 110129 a composite number?
False
Is 29947 a prime number?
True
Is 15949 composite?
True
Is 394357 a prime number?
True
Is 18973 a prime number?
True
Is 16319 a prime number?
True
Is 2077 a composite number?
True
Is 590